{"id":94,"date":"2025-02-24T14:11:52","date_gmt":"2025-02-24T13:11:52","guid":{"rendered":"https:\/\/iotbcn.com\/?page_id=94"},"modified":"2025-02-24T17:46:58","modified_gmt":"2025-02-24T16:46:58","slug":"about","status":"publish","type":"page","link":"https:\/\/iotbcn.com\/?page_id=94","title":{"rendered":"About"},"content":{"rendered":"\t\t<div data-elementor-type=\"wp-page\" data-elementor-id=\"94\" class=\"elementor elementor-94\">\n\t\t\t\t\t\t<section class=\"elementor-section elementor-top-section elementor-element elementor-element-201a4f82 elementor-section-boxed elementor-section-height-default elementor-section-height-default\" data-id=\"201a4f82\" data-element_type=\"section\" data-settings=\"{&quot;background_background&quot;:&quot;gradient&quot;}\">\n\t\t\t\t\t\t<div class=\"elementor-container elementor-column-gap-no\">\n\t\t\t\t\t<div class=\"elementor-column elementor-col-100 elementor-top-column elementor-element elementor-element-49484ab2\" data-id=\"49484ab2\" data-element_type=\"column\">\n\t\t\t<div class=\"elementor-widget-wrap elementor-element-populated\">\n\t\t\t\t\t\t<div class=\"elementor-element elementor-element-64e9fee9 elementor-widget elementor-widget-heading\" data-id=\"64e9fee9\" data-element_type=\"widget\" data-widget_type=\"heading.default\">\n\t\t\t\t<div class=\"elementor-widget-container\">\n\t\t\t\t\t<p class=\"elementor-heading-title elementor-size-default\">About us<\/p>\t\t\t\t<\/div>\n\t\t\t\t<\/div>\n\t\t\t\t<div class=\"elementor-element elementor-element-7aaad026 elementor-widget__width-initial elementor-absolute elementor-widget elementor-widget-image\" data-id=\"7aaad026\" data-element_type=\"widget\" data-settings=\"{&quot;_position&quot;:&quot;absolute&quot;}\" data-widget_type=\"image.default\">\n\t\t\t\t<div class=\"elementor-widget-container\">\n\t\t\t\t\t\t\t\t\t\t\t\t\t\t\t<img decoding=\"async\" width=\"31\" height=\"31\" src=\"https:\/\/iotbcn.com\/wp-content\/uploads\/2024\/03\/49220ab9-object-21-a.png\" class=\"attachment-full size-full wp-image-67\" alt=\"\" \/>\t\t\t\t\t\t\t\t\t\t\t\t\t\t\t<\/div>\n\t\t\t\t<\/div>\n\t\t\t\t<div class=\"elementor-element elementor-element-300c0bc9 elementor-widget__width-initial elementor-absolute elementor-widget elementor-widget-image\" data-id=\"300c0bc9\" data-element_type=\"widget\" data-settings=\"{&quot;_position&quot;:&quot;absolute&quot;}\" data-widget_type=\"image.default\">\n\t\t\t\t<div class=\"elementor-widget-container\">\n\t\t\t\t\t\t\t\t\t\t\t\t\t\t\t<img decoding=\"async\" width=\"39\" height=\"39\" src=\"https:\/\/iotbcn.com\/wp-content\/uploads\/2024\/03\/4fd38dc7-object-20-a.png\" class=\"attachment-full size-full wp-image-16\" alt=\"\" \/>\t\t\t\t\t\t\t\t\t\t\t\t\t\t\t<\/div>\n\t\t\t\t<\/div>\n\t\t\t\t\t<\/div>\n\t\t<\/div>\n\t\t\t\t\t<\/div>\n\t\t<\/section>\n\t\t\t\t<section class=\"elementor-section elementor-top-section elementor-element elementor-element-671dac47 elementor-section-content-middle elementor-section-boxed elementor-section-height-default elementor-section-height-default\" data-id=\"671dac47\" data-element_type=\"section\">\n\t\t\t\t\t\t<div class=\"elementor-container elementor-column-gap-no\">\n\t\t\t\t\t<div class=\"elementor-column elementor-col-50 elementor-top-column elementor-element elementor-element-51b2c0c1\" data-id=\"51b2c0c1\" data-element_type=\"column\">\n\t\t\t<div class=\"elementor-widget-wrap elementor-element-populated\">\n\t\t\t\t\t\t<div class=\"elementor-element elementor-element-7976cd45 elementor-invisible elementor-widget elementor-widget-image\" data-id=\"7976cd45\" data-element_type=\"widget\" data-settings=\"{&quot;_animation&quot;:&quot;zoomIn&quot;}\" data-widget_type=\"image.default\">\n\t\t\t\t<div class=\"elementor-widget-container\">\n\t\t\t\t\t\t\t\t\t\t\t\t\t\t\t<img fetchpriority=\"high\" decoding=\"async\" width=\"874\" height=\"699\" src=\"https:\/\/iotbcn.com\/wp-content\/uploads\/2024\/03\/ed320f4c-image1.png\" class=\"attachment-full size-full wp-image-68\" alt=\"\" srcset=\"https:\/\/iotbcn.com\/wp-content\/uploads\/2024\/03\/ed320f4c-image1.png 874w, https:\/\/iotbcn.com\/wp-content\/uploads\/2024\/03\/ed320f4c-image1-300x240.png 300w, https:\/\/iotbcn.com\/wp-content\/uploads\/2024\/03\/ed320f4c-image1-768x614.png 768w\" sizes=\"(max-width: 874px) 100vw, 874px\" \/>\t\t\t\t\t\t\t\t\t\t\t\t\t\t\t<\/div>\n\t\t\t\t<\/div>\n\t\t\t\t\t<\/div>\n\t\t<\/div>\n\t\t\t\t<div class=\"elementor-column elementor-col-50 elementor-top-column elementor-element elementor-element-4e2b1d96\" data-id=\"4e2b1d96\" data-element_type=\"column\">\n\t\t\t<div class=\"elementor-widget-wrap elementor-element-populated\">\n\t\t\t\t\t\t<div class=\"elementor-element elementor-element-37eeada5 elementor-widget__width-initial elementor-widget-tablet__width-inherit elementor-invisible elementor-widget elementor-widget-heading\" data-id=\"37eeada5\" data-element_type=\"widget\" data-settings=\"{&quot;_animation&quot;:&quot;fadeInRight&quot;}\" data-widget_type=\"heading.default\">\n\t\t\t\t<div class=\"elementor-widget-container\">\n\t\t\t\t\t<h2 class=\"elementor-heading-title elementor-size-default\">Sobre nosotros<\/h2>\t\t\t\t<\/div>\n\t\t\t\t<\/div>\n\t\t\t\t<div class=\"elementor-element elementor-element-274e7bc2 elementor-invisible elementor-widget elementor-widget-text-editor\" data-id=\"274e7bc2\" data-element_type=\"widget\" data-settings=\"{&quot;_animation&quot;:&quot;fadeInRight&quot;}\" data-widget_type=\"text-editor.default\">\n\t\t\t\t<div class=\"elementor-widget-container\">\n\t\t\t\t\t\t\t\t\t<p>Somos un equipo joven, din\u00e1mico y altamente capacitado, con una visi\u00f3n clara: ofrecer soluciones tecnol\u00f3gicas innovadoras y a medida para empresas que buscan optimizar sus procesos y adaptarse al futuro digital.<\/p>\t\t\t\t\t\t\t\t<\/div>\n\t\t\t\t<\/div>\n\t\t\t\t\t<\/div>\n\t\t<\/div>\n\t\t\t\t\t<\/div>\n\t\t<\/section>\n\t\t<div class=\"elementor-element elementor-element-c7e2eac e-flex e-con-boxed e-con e-parent\" data-id=\"c7e2eac\" data-element_type=\"container\">\n\t\t\t\t\t<div class=\"e-con-inner\">\n\t\t\t\t<div class=\"elementor-element elementor-element-c4c8096 elementor-widget elementor-widget-text-editor\" data-id=\"c4c8096\" data-element_type=\"widget\" data-widget_type=\"text-editor.default\">\n\t\t\t\t<div class=\"elementor-widget-container\">\n\t\t\t\t\t\t\t\t\t<p data-start=\"437\" data-end=\"457\"><strong data-start=\"437\" data-end=\"457\">Nuestra historia<\/strong><\/p><p data-start=\"459\" data-end=\"957\">Fundada por un grupo de profesionales apasionados tanto por el mundo de los negocios como por la tecnolog\u00eda, <strong>IoTbcn<\/strong> naci\u00f3 con el prop\u00f3sito de hacer accesible la transformaci\u00f3n digital a empresas de todos los tama\u00f1os. Nuestra experiencia combinada en el \u00e1mbito empresarial y en el sector IT nos permite comprender las necesidades espec\u00edficas de cada cliente y ofrecer soluciones personalizadas que no solo resuelvan problemas t\u00e9cnicos, sino que tambi\u00e9n generen valor estrat\u00e9gico.<\/p><p data-start=\"959\" data-end=\"987\"><strong data-start=\"959\" data-end=\"987\">Un equipo de innovadores<\/strong><\/p><p data-start=\"989\" data-end=\"1337\">Aunque somos un equipo joven, cada uno de nosotros trae consigo una vasta experiencia en sus respectivas \u00e1reas. Nuestra combinaci\u00f3n de habilidades en tecnolog\u00eda y negocios nos permite abordar proyectos desde una perspectiva integral, donde entendemos tanto los desaf\u00edos operacionales como las oportunidades de crecimiento a trav\u00e9s de la tecnolog\u00eda.<\/p><p data-start=\"1339\" data-end=\"1357\"><strong data-start=\"1339\" data-end=\"1357\">Nuestra misi\u00f3n<\/strong><\/p><p data-start=\"1359\" data-end=\"1728\">Nuestra misi\u00f3n es ayudar a las empresas a <strong data-start=\"1401\" data-end=\"1451\">aprovechar al m\u00e1ximo el poder de la tecnolog\u00eda<\/strong> para alcanzar sus objetivos de negocio. Lo hacemos proporcionando soluciones IT personalizadas que se adaptan a las necesidades espec\u00edficas de cada cliente, asegurando una integraci\u00f3n perfecta con sus sistemas existentes y ofreciendo soporte continuo para garantizar su \u00e9xito.<\/p><p data-start=\"2358\" data-end=\"2376\"><strong data-start=\"2358\" data-end=\"2376\">Nuestra Visi\u00f3n<\/strong><\/p><p data-start=\"2378\" data-end=\"2718\">Queremos ser <strong data-start=\"2391\" data-end=\"2428\">el socio tecnol\u00f3gico de confianza<\/strong> para empresas que buscan crecimiento y eficiencia a trav\u00e9s de soluciones IT de calidad. A medida que crecemos, nos esforzamos por seguir desarrollando productos y servicios que no solo resuelvan los problemas de hoy, sino que tambi\u00e9n preparen a nuestros clientes para los retos del ma\u00f1ana.<\/p>\t\t\t\t\t\t\t\t<\/div>\n\t\t\t\t<\/div>\n\t\t\t\t\t<\/div>\n\t\t\t\t<\/div>\n\t\t\t\t<\/div>\n\t\t","protected":false},"excerpt":{"rendered":"<p>About us Sobre nosotros Somos un equipo joven, din\u00e1mico y altamente capacitado, con una visi\u00f3n clara: ofrecer soluciones tecnol\u00f3gicas innovadoras [&hellip;]<\/p>\n","protected":false},"author":1,"featured_media":0,"parent":0,"menu_order":0,"comment_status":"closed","ping_status":"closed","template":"elementor_header_footer","meta":{"site-sidebar-layout":"default","site-content-layout":"","ast-site-content-layout":"","site-content-style":"default","site-sidebar-style":"default","ast-global-header-display":"","ast-banner-title-visibility":"","ast-main-header-display":"","ast-hfb-above-header-display":"","ast-hfb-below-header-display":"","ast-hfb-mobile-header-display":"","site-post-title":"","ast-breadcrumbs-content":"","ast-featured-img":"","footer-sml-layout":"","theme-transparent-header-meta":"","adv-header-id-meta":"","stick-header-meta":"","header-above-stick-meta":"","header-main-stick-meta":"","header-below-stick-meta":"","astra-migrate-meta-layouts":"default","ast-page-background-enabled":"default","ast-page-background-meta":{"desktop":{"background-color":"var(--ast-global-color-5)","background-image":"","background-repeat":"repeat","background-position":"center center","background-size":"auto","background-attachment":"scroll","background-type":"","background-media":"","overlay-type":"","overlay-color":"","overlay-opacity":"","overlay-gradient":""},"tablet":{"background-color":"","background-image":"","background-repeat":"repeat","background-position":"center center","background-size":"auto","background-attachment":"scroll","background-type":"","background-media":"","overlay-type":"","overlay-color":"","overlay-opacity":"","overlay-gradient":""},"mobile":{"background-color":"","background-image":"","background-repeat":"repeat","background-position":"center center","background-size":"auto","background-attachment":"scroll","background-type":"","background-media":"","overlay-type":"","overlay-color":"","overlay-opacity":"","overlay-gradient":""}},"ast-content-background-meta":{"desktop":{"background-color":"var(--ast-global-color-4)","background-image":"","background-repeat":"repeat","background-position":"center center","background-size":"auto","background-attachment":"scroll","background-type":"","background-media":"","overlay-type":"","overlay-color":"","overlay-opacity":"","overlay-gradient":""},"tablet":{"background-color":"var(--ast-global-color-4)","background-image":"","background-repeat":"repeat","background-position":"center center","background-size":"auto","background-attachment":"scroll","background-type":"","background-media":"","overlay-type":"","overlay-color":"","overlay-opacity":"","overlay-gradient":""},"mobile":{"background-color":"var(--ast-global-color-4)","background-image":"","background-repeat":"repeat","background-position":"center center","background-size":"auto","background-attachment":"scroll","background-type":"","background-media":"","overlay-type":"","overlay-color":"","overlay-opacity":"","overlay-gradient":""}},"footnotes":""},"class_list":["post-94","page","type-page","status-publish","hentry"],"_links":{"self":[{"href":"https:\/\/iotbcn.com\/index.php?rest_route=\/wp\/v2\/pages\/94","targetHints":{"allow":["GET"]}}],"collection":[{"href":"https:\/\/iotbcn.com\/index.php?rest_route=\/wp\/v2\/pages"}],"about":[{"href":"https:\/\/iotbcn.com\/index.php?rest_route=\/wp\/v2\/types\/page"}],"author":[{"embeddable":true,"href":"https:\/\/iotbcn.com\/index.php?rest_route=\/wp\/v2\/users\/1"}],"replies":[{"embeddable":true,"href":"https:\/\/iotbcn.com\/index.php?rest_route=%2Fwp%2Fv2%2Fcomments&post=94"}],"version-history":[{"count":13,"href":"https:\/\/iotbcn.com\/index.php?rest_route=\/wp\/v2\/pages\/94\/revisions"}],"predecessor-version":[{"id":173,"href":"https:\/\/iotbcn.com\/index.php?rest_route=\/wp\/v2\/pages\/94\/revisions\/173"}],"wp:attachment":[{"href":"https:\/\/iotbcn.com\/index.php?rest_route=%2Fwp%2Fv2%2Fmedia&parent=94"}],"curies":[{"name":"wp","href":"https:\/\/api.w.org\/{rel}","templated":true}]}}